{"id":135,"date":"2024-04-30T10:13:37","date_gmt":"2024-04-30T10:13:37","guid":{"rendered":"https:\/\/lzo-regionalstiftung.com\/?page_id=135"},"modified":"2026-03-26T12:37:44","modified_gmt":"2026-03-26T12:37:44","slug":"impressum","status":"publish","type":"page","link":"https:\/\/lzo-regionalstiftung.com\/?page_id=135","title":{"rendered":"Impressum"},"content":{"rendered":"\n<div class=\"wp-block-columns is-layout-flex wp-container-core-columns-is-layout-28f84493 wp-block-columns-is-layout-flex\">\n<div class=\"wp-block-column is-layout-flow wp-block-column-is-layout-flow\" style=\"flex-basis:25%\">\n<div class=\"wp-block-group noUnderline has-global-padding is-layout-constrained wp-block-group-is-layout-constrained\">\n<div class=\"wp-block-group has-text-color has-background has-link-color has-small-font-size wp-elements-0cc22b5206708b8d436410b356f05072 has-global-padding is-layout-constrained wp-container-core-group-is-layout-86dba5ee wp-block-group-is-layout-constrained\" style=\"border-radius:10px;color:#535353;background-color:#eaeef0;padding-top:var(--wp--preset--spacing--10);padding-right:var(--wp--preset--spacing--10);padding-bottom:var(--wp--preset--spacing--10);padding-left:var(--wp--preset--spacing--10)\">\n<p class=\"zielWege has-medium-font-size\"><a href=\"https:\/\/lzo-regionalstiftung.com\/?page_id=178\">Ein Ziel &#8211; vier Wege<\/a><\/p>\n\n\n\n<p class=\"sinnZweck has-medium-font-size\"><a href=\"https:\/\/lzo-regionalstiftung.com\/?page_id=181\">Sinn und Zweck<\/a><\/p>\n\n\n\n<p class=\"ideeWirklichkeit has-medium-font-size\"><a href=\"https:\/\/lzo-regionalstiftung.com\/?page_id=183\">Idee wird Wirklichkeit<\/a><\/p>\n\n\n\n<p class=\"stiftenSteuern has-medium-font-size\"><a href=\"https:\/\/lzo-regionalstiftung.com\/?page_id=185\">Stiften und Steuern<\/a><\/p>\n<\/div>\n\n\n\n<div class=\"wp-block-group has-text-color has-background has-link-color has-small-font-size wp-elements-7bf590fb5114e022034e2cd93dcde214 has-global-padding is-layout-constrained wp-container-core-group-is-layout-86dba5ee wp-block-group-is-layout-constrained\" style=\"border-radius:10px;color:#535353;background-color:#eaeef0;padding-top:var(--wp--preset--spacing--10);padding-right:var(--wp--preset--spacing--10);padding-bottom:var(--wp--preset--spacing--10);padding-left:var(--wp--preset--spacing--10)\">\n<p class=\"has-medium-font-size\"><strong>pdf-Download<\/strong><\/p>\n\n\n\n<p class=\"has-medium-font-size\"><a href=\"\/wp-content\/uploads\/2024\/06\/Satzung-Regionale-Stiftung-der-LzO-2024.pdf\" target=\"_blank\" rel=\"noreferrer noopener\">Satzung<\/a><\/p>\n\n\n\n<p class=\"has-medium-font-size\"><a href=\"https:\/\/lzo-regionalstiftung.com\/wp-content\/uploads\/2025\/07\/Foerderrichtlinien25.pdf\" target=\"_blank\" rel=\"noreferrer noopener\">F\u00f6rderrichtlinie<\/a><\/p>\n\n\n\n<p class=\"has-medium-font-size\"><a href=\"\/wp-content\/uploads\/2024\/04\/foerderantrag.pdf\" target=\"_blank\" rel=\"noreferrer noopener\">F\u00f6rderantrag<\/a><\/p>\n\n\n\n<p class=\"has-medium-font-size\"><a href=\"\/wp-content\/uploads\/2024\/04\/finanzierungsplan.pdf\" target=\"_blank\" rel=\"noreferrer noopener\">Finanzierungsplan<\/a><\/p>\n\n\n\n<p class=\"has-medium-font-size\"><a href=\"\/wp-content\/uploads\/2024\/04\/Grundsaetze-guter-Stiftungspraxis_2019.pdf\" target=\"_blank\" rel=\"noreferrer noopener\">Grunds\u00e4tze Guter Stiftungspraxis<\/a><\/p>\n\n\n\n<p class=\"has-medium-font-size\"><a href=\"\/wp-content\/uploads\/2024\/04\/Grundsaetze-guter-Stiftungspraxis-Aenderungen_2019.pdf\" target=\"_blank\" rel=\"noreferrer noopener\">Erg\u00e4nzte Passagen<\/a><\/p>\n<\/div>\n<\/div>\n<\/div>\n\n\n\n<div class=\"wp-block-column is-layout-flow wp-block-column-is-layout-flow\" style=\"flex-basis:75%\">\n<h1 class=\"wp-block-heading\">Impressum<\/h1>\n\n\n\n<h3 class=\"wp-block-heading\">Herausgeber<\/h3>\n\n\n\n<p>Regionale Stiftung der Landessparkasse zu Oldenburg<\/p>\n\n\n\n<p>Berliner Platz 1<\/p>\n\n\n\n<p>26123 Oldenburg<\/p>\n\n\n\n<p>Tel.: 0441\/230-3120<\/p>\n\n\n\n<p>Fax: 0441\/230-83120<\/p>\n\n\n\n<p><a href=\"mailto:oliver.nienaber@lzo.com\">oliver.nienaber@lzo.com<\/a><\/p>\n\n\n\n<h3 class=\"wp-block-heading\">Vertretungsberechtigte der Stiftung<\/h3>\n\n\n\n<p>Die Stiftung wird gerichtlich und au\u00dfergerichtlich durch zwei Vorstandsmitglieder gemeinsam vertreten.<\/p>\n\n\n\n<h3 class=\"wp-block-heading\">Vorstand<\/h3>\n\n\n\n<p>Tanja-Vera Asmussen\u00a0(LzO) \u2013 Vorsitzende<\/p>\n\n\n\n<p>J\u00fcrgen Rauber (Mitglied des Vorstands der LzO)<\/p>\n\n\n\n<p>Landrat Johann Wimberg (Vorsitzender des Verwaltungsrates)<\/p>\n\n\n\n<p>Landrat Stephan Siefken (Vorsitzender der Verbandsversammlung des Sparkassenzweckverbandes Oldenburg)&nbsp;&nbsp;<\/p>\n\n\n\n<p>Barbara Haskamp (kooptiertes Mitglied)<\/p>\n\n\n\n<p>Doris Wesjohann (kooptiertes Mitglied)<\/p>\n\n\n\n<h3 class=\"wp-block-heading\">Kuratorium<\/h3>\n\n\n\n<p>Vorsitzender: Landrat Tobias Gerdesmeyer (Landkreis Vechta)&nbsp;<\/p>\n\n\n\n<p>stv. Vorsitzender: Landrat Dr. Christian Pundt (Landkreis Oldenburg)&nbsp;<\/p>\n\n\n\n<p>Enno S\u00f6llner (Mitglied des\u00a0 Vorstands der LzO)<\/p>\n\n\n\n<p>Olaf Hemker (Mitglied des&nbsp; Vorstands der LzO)<\/p>\n\n\n\n<p>Thomas Kappelmann (Erster Kreisrat f\u00fcr den Landkreis Ammerland)<\/p>\n\n\n\n<p>Kreistagsabgeordneter Hermann Schr\u00f6er (Landkreis Cloppenburg)<\/p>\n\n\n\n<p>Erster Stadtrat Markus Pragal (Stadt Delmenhorst)&nbsp;<\/p>\n\n\n\n<p>Silke Vogelbusch (Erste Kreisr\u00e4tin f\u00fcr den Landkreis Friesland)&nbsp;<\/p>\n\n\n\n<p>Landrat Dr. Christian Pundt (Landkreis Oldenburg)<\/p>\n\n\n\n<p>Oberb\u00fcrgermeister J\u00fcrgen Krogmann (Stadt Oldenburg)&nbsp;<\/p>\n\n\n\n<p>Landrat Tobias Gerdesmeyer (Landkreis Vechta)<\/p>\n\n\n\n<p>Erster Kreisrat Matthias Wenholt (Landkreis Wesermarsch)<\/p>\n\n\n\n<h3 class=\"wp-block-heading\">Gesch\u00e4ftsf\u00fchrung<\/h3>\n\n\n\n<p>Oliver Nienaber, GF (LzO \/ Vorstandsstab)<\/p>\n\n\n\n<p>Olaf Meenen, GF (LzO \/ Vorstandsstab)<\/p>\n\n\n\n<h3 class=\"wp-block-heading\">Stiftungsverzeichnis<\/h3>\n\n\n\n<p>Stiftungsverzeichnis Nr. 15 (087),<\/p>\n\n\n\n<p>Nieders\u00e4chsisches Ministerium f\u00fcr Inneres und Sport &#8211; Regierungsvertretung Oldenburg,<\/p>\n\n\n\n<p>Theodor-Tantzen-Platz 8 in 26122 Oldenburg &#8211; Hergen Brengelmann Tel. 0441\/799-2283,<\/p>\n\n\n\n<p>rechtliche Anerkennung 1. August 2006&nbsp;<\/p>\n\n\n\n<h3 class=\"wp-block-heading\">Satzung der Regionalen Stiftung der Landessparkasse zu Oldenburg<\/h3>\n\n\n\n<p>Die Satzung steht&nbsp;<a href=\"\/wp-content\/uploads\/2024\/06\/Satzung-Regionale-Stiftung-der-LzO-2024.pdf\" target=\"_blank\" rel=\"noreferrer noopener\">hier als PDF zum Download<\/a>&nbsp;bereit.<\/p>\n\n\n\n<h3 class=\"wp-block-heading\">Konzeption, Redaktion und Verantwortung f\u00fcr den Inhalt<\/h3>\n\n\n\n<p>Regionale Stiftung der Landessparkasse zu Oldenburg<\/p>\n\n\n\n<p>Berliner Platz 1<\/p>\n\n\n\n<p>26123 Oldenburg<\/p>\n\n\n\n<p>Tel.: 0441\/230-3120<\/p>\n\n\n\n<p>Fax: 0441\/230-83120<\/p>\n\n\n\n<p><a href=\"mailto:oliver.nienaber@lzo.com\">oliver.nienaber@lzo.com<\/a><\/p>\n\n\n\n<h3 class=\"wp-block-heading\">Gestaltung<\/h3>\n\n\n\n<p>von Mende Marketing GmbH&nbsp;<\/p>\n\n\n\n<p>Bismarckstra\u00dfe 13<\/p>\n\n\n\n<p>26122 Oldenburg&nbsp;<\/p>\n\n\n\n<p>Tel.: 0441\/361170-0&nbsp;<\/p>\n\n\n\n<p>Fax: 0441\/361170-70&nbsp;<\/p>\n\n\n\n<p><a href=\"mailto:info@vonmende.de\">info@vonmende.de<\/a><\/p>\n\n\n\n<p><a href=\"http:\/\/www.vonmende.de\/\" target=\"_blank\" rel=\"noreferrer noopener\">www.vonmende.de&nbsp;<\/a><\/p>\n\n\n\n<h3 class=\"wp-block-heading\">Realisierung der Website<\/h3>\n\n\n\n<p>OSG &#8211; Online Software Gesellschaft f\u00fcr neue Medien mbH<\/p>\n\n\n\n<p>Donnerschweer Stra\u00dfe 172<\/p>\n\n\n\n<p>D-26123 Oldenburg<\/p>\n\n\n\n<p>Tel.: +49 (0)441\/ 350 42 300<\/p>\n\n\n\n<p>Fax: +49 (0)441\/ 350 42 400<\/p>\n\n\n\n<p><a href=\"mailto:info@osgmbh.de\">info@osgmbh.de<\/a><\/p>\n\n\n\n<p><a href=\"https:\/\/osgmbh.de\/\" target=\"_blank\" rel=\"noreferrer noopener\">osgmbh.de<\/a><\/p>\n\n\n\n<h3 class=\"wp-block-heading\">Haftungsregelung<\/h3>\n\n\n\n<p>Alle in unseren Internetseiten enthaltenen Angaben und Informationen wurden von der Regionalen Stiftung der Landessparkasse zu Oldenburg oder Dritten sorgf\u00e4ltig recherchiert und gepr\u00fcft.<\/p>\n\n\n\n<p>Diese Informationen sind ein Service der Regionalen Stiftung der Landessparkasse zu Oldenburg. F\u00fcr Richtigkeit, Vollst\u00e4ndigkeit und Aktualit\u00e4t k\u00f6nnen weder die Regionale Stiftung der Landessparkasse zu Oldenburg noch dritte Lieferanten die Haftung \u00fcbernehmen.<\/p>\n\n\n\n<p>Alle Angaben dienen ausschlie\u00dflich zur Information der Besucher des Online-Angebotes der Regionalen Stiftung der Landessparkasse zu Oldenburg. Im \u00dcbrigen ist die Haftung auf Vorsatz oder grobe Fahrl\u00e4ssigkeit beschr\u00e4nkt.<\/p>\n\n\n\n<p>F\u00fcr Internetseiten Dritter, auf die die Regionale Stiftung der Landessparkasse zu Oldenburg durch Hyperlink verweist, tragen die jeweiligen Anbieter die Verantwortung. Die Regionale Stiftung der Landessparkasse zu Oldenburg ist f\u00fcr den Inhalt solcher Seiten Dritter nicht verantwortlich.<\/p>\n\n\n\n<p>Des Weiteren kann die Website der Regionalen Stiftung der Landessparkasse zu Oldenburg ohne Wissen der Regionalen Stiftung der Landessparkasse zu Oldenburg von einer anderen Website mittels Hyperlink angelinkt worden sein. Die Regionale Stiftung der Landessparkasse zu Oldenburg \u00fcbernimmt keine Verantwortung f\u00fcr Darstellungen, Inhalt oder irgendeine Verbindung zur Regionalen Stiftung der Landessparkasse zu Oldenburg in Webseiten Dritter.<\/p>\n\n\n\n<p>Au\u00dferdem beh\u00e4lt sich die Regionale Stiftung der Landessparkasse zu Oldenburg das Recht vor, \u00c4nderungen oder Erg\u00e4nzungen der bereitgestellten Informationen vorzunehmen.<\/p>\n\n\n\n<p>Inhalt und Struktur der Website der Regionalen Stiftung der Landessparkasse zu Oldenburg sind urheberrechtlich gesch\u00fctzt. Die Vervielf\u00e4ltigung von Informationen oder Daten, insbesondere die Verwendung von Texten, Textteilen oder Bildmaterial bedarf der ausdr\u00fccklichen vorherigen Zustimmung der Regionalen Stiftung der Landessparkasse zu Oldenburg.<\/p>\n\n\n\n<div style=\"height:100px\" aria-hidden=\"true\" class=\"wp-block-spacer\"><\/div>\n<\/div>\n<\/div>\n","protected":false},"excerpt":{"rendered":"<p>Impressum Herausgeber Regionale Stiftung der Landessparkasse zu Oldenburg Berliner Platz 1 26123 Oldenburg Tel.: 0441\/230-3120 Fax: 0441\/230-83120 oliver.nienaber@lzo.com Vertretungsberechtigte der Stiftung Die Stiftung wird gerichtlich und au\u00dfergerichtlich durch zwei Vorstandsmitglieder gemeinsam vertreten. Vorstand Tanja-Vera Asmussen\u00a0(LzO) \u2013 Vorsitzende J\u00fcrgen Rauber (Mitglied des Vorstands der LzO) Landrat Johann Wimberg (Vorsitzender des Verwaltungsrates) Landrat Stephan Siefken (Vorsitzender der [&hellip;]<\/p>\n","protected":false},"author":1,"featured_media":0,"parent":0,"menu_order":0,"comment_status":"closed","ping_status":"closed","template":"","meta":{"footnotes":""},"class_list":["post-135","page","type-page","status-publish","hentry"],"yoast_head":"<!-- This site is optimized with the Yoast SEO plugin v27.5 - https:\/\/yoast.com\/product\/yoast-seo-wordpress\/ -->\n<title>Impressum - Regionale Stiftung der Landessparkasse zu Oldenburg<\/title>\n<meta name=\"robots\" content=\"index, follow, max-snippet:-1, max-image-preview:large, max-video-preview:-1\" \/>\n<link rel=\"canonical\" href=\"https:\/\/lzo-regionalstiftung.com\/?page_id=135\" \/>\n<meta property=\"og:locale\" content=\"de_DE\" \/>\n<meta property=\"og:type\" content=\"article\" \/>\n<meta property=\"og:title\" content=\"Impressum - Regionale Stiftung der Landessparkasse zu Oldenburg\" \/>\n<meta property=\"og:description\" content=\"Impressum Herausgeber Regionale Stiftung der Landessparkasse zu Oldenburg Berliner Platz 1 26123 Oldenburg Tel.: 0441\/230-3120 Fax: 0441\/230-83120 oliver.nienaber@lzo.com Vertretungsberechtigte der Stiftung Die Stiftung wird gerichtlich und au\u00dfergerichtlich durch zwei Vorstandsmitglieder gemeinsam vertreten. Vorstand Tanja-Vera Asmussen\u00a0(LzO) \u2013 Vorsitzende J\u00fcrgen Rauber (Mitglied des Vorstands der LzO) Landrat Johann Wimberg (Vorsitzender des Verwaltungsrates) Landrat Stephan Siefken (Vorsitzender der [&hellip;]\" \/>\n<meta property=\"og:url\" content=\"https:\/\/lzo-regionalstiftung.com\/?page_id=135\" \/>\n<meta property=\"og:site_name\" content=\"Regionale Stiftung der Landessparkasse zu Oldenburg\" \/>\n<meta property=\"article:modified_time\" content=\"2026-03-26T12:37:44+00:00\" \/>\n<meta name=\"twitter:card\" content=\"summary_large_image\" \/>\n<meta name=\"twitter:label1\" content=\"Gesch\u00e4tzte Lesezeit\" \/>\n\t<meta name=\"twitter:data1\" content=\"6\u00a0Minuten\" \/>\n<script type=\"application\/ld+json\" class=\"yoast-schema-graph\">{\"@context\":\"https:\\\/\\\/schema.org\",\"@graph\":[{\"@type\":\"WebPage\",\"@id\":\"https:\\\/\\\/lzo-regionalstiftung.com\\\/?page_id=135\",\"url\":\"https:\\\/\\\/lzo-regionalstiftung.com\\\/?page_id=135\",\"name\":\"Impressum - Regionale Stiftung der Landessparkasse zu Oldenburg\",\"isPartOf\":{\"@id\":\"https:\\\/\\\/lzo-regionalstiftung.com\\\/#website\"},\"datePublished\":\"2024-04-30T10:13:37+00:00\",\"dateModified\":\"2026-03-26T12:37:44+00:00\",\"breadcrumb\":{\"@id\":\"https:\\\/\\\/lzo-regionalstiftung.com\\\/?page_id=135#breadcrumb\"},\"inLanguage\":\"de\",\"potentialAction\":[{\"@type\":\"ReadAction\",\"target\":[\"https:\\\/\\\/lzo-regionalstiftung.com\\\/?page_id=135\"]}]},{\"@type\":\"BreadcrumbList\",\"@id\":\"https:\\\/\\\/lzo-regionalstiftung.com\\\/?page_id=135#breadcrumb\",\"itemListElement\":[{\"@type\":\"ListItem\",\"position\":1,\"name\":\"Startseite\",\"item\":\"https:\\\/\\\/lzo-regionalstiftung.com\\\/\"},{\"@type\":\"ListItem\",\"position\":2,\"name\":\"Impressum\"}]},{\"@type\":\"WebSite\",\"@id\":\"https:\\\/\\\/lzo-regionalstiftung.com\\\/#website\",\"url\":\"https:\\\/\\\/lzo-regionalstiftung.com\\\/\",\"name\":\"Regionale Stiftung der Landessparkasse zu Oldenburg\",\"description\":\"\",\"publisher\":{\"@id\":\"https:\\\/\\\/lzo-regionalstiftung.com\\\/#organization\"},\"potentialAction\":[{\"@type\":\"SearchAction\",\"target\":{\"@type\":\"EntryPoint\",\"urlTemplate\":\"https:\\\/\\\/lzo-regionalstiftung.com\\\/?s={search_term_string}\"},\"query-input\":{\"@type\":\"PropertyValueSpecification\",\"valueRequired\":true,\"valueName\":\"search_term_string\"}}],\"inLanguage\":\"de\"},{\"@type\":\"Organization\",\"@id\":\"https:\\\/\\\/lzo-regionalstiftung.com\\\/#organization\",\"name\":\"Regionale Stiftung der Landessparkasse zu Oldenburg\",\"url\":\"https:\\\/\\\/lzo-regionalstiftung.com\\\/\",\"logo\":{\"@type\":\"ImageObject\",\"inLanguage\":\"de\",\"@id\":\"https:\\\/\\\/lzo-regionalstiftung.com\\\/#\\\/schema\\\/logo\\\/image\\\/\",\"url\":\"https:\\\/\\\/lzo-regionalstiftung.com\\\/wp-content\\\/uploads\\\/2024\\\/04\\\/logo.gif\",\"contentUrl\":\"https:\\\/\\\/lzo-regionalstiftung.com\\\/wp-content\\\/uploads\\\/2024\\\/04\\\/logo.gif\",\"width\":210,\"height\":111,\"caption\":\"Regionale Stiftung der Landessparkasse zu Oldenburg\"},\"image\":{\"@id\":\"https:\\\/\\\/lzo-regionalstiftung.com\\\/#\\\/schema\\\/logo\\\/image\\\/\"}}]}<\/script>\n<!-- \/ Yoast SEO plugin. -->","yoast_head_json":{"title":"Impressum - Regionale Stiftung der Landessparkasse zu Oldenburg","robots":{"index":"index","follow":"follow","max-snippet":"max-snippet:-1","max-image-preview":"max-image-preview:large","max-video-preview":"max-video-preview:-1"},"canonical":"https:\/\/lzo-regionalstiftung.com\/?page_id=135","og_locale":"de_DE","og_type":"article","og_title":"Impressum - Regionale Stiftung der Landessparkasse zu Oldenburg","og_description":"Impressum Herausgeber Regionale Stiftung der Landessparkasse zu Oldenburg Berliner Platz 1 26123 Oldenburg Tel.: 0441\/230-3120 Fax: 0441\/230-83120 oliver.nienaber@lzo.com Vertretungsberechtigte der Stiftung Die Stiftung wird gerichtlich und au\u00dfergerichtlich durch zwei Vorstandsmitglieder gemeinsam vertreten. Vorstand Tanja-Vera Asmussen\u00a0(LzO) \u2013 Vorsitzende J\u00fcrgen Rauber (Mitglied des Vorstands der LzO) Landrat Johann Wimberg (Vorsitzender des Verwaltungsrates) Landrat Stephan Siefken (Vorsitzender der [&hellip;]","og_url":"https:\/\/lzo-regionalstiftung.com\/?page_id=135","og_site_name":"Regionale Stiftung der Landessparkasse zu Oldenburg","article_modified_time":"2026-03-26T12:37:44+00:00","twitter_card":"summary_large_image","twitter_misc":{"Gesch\u00e4tzte Lesezeit":"6\u00a0Minuten"},"schema":{"@context":"https:\/\/schema.org","@graph":[{"@type":"WebPage","@id":"https:\/\/lzo-regionalstiftung.com\/?page_id=135","url":"https:\/\/lzo-regionalstiftung.com\/?page_id=135","name":"Impressum - Regionale Stiftung der Landessparkasse zu Oldenburg","isPartOf":{"@id":"https:\/\/lzo-regionalstiftung.com\/#website"},"datePublished":"2024-04-30T10:13:37+00:00","dateModified":"2026-03-26T12:37:44+00:00","breadcrumb":{"@id":"https:\/\/lzo-regionalstiftung.com\/?page_id=135#breadcrumb"},"inLanguage":"de","potentialAction":[{"@type":"ReadAction","target":["https:\/\/lzo-regionalstiftung.com\/?page_id=135"]}]},{"@type":"BreadcrumbList","@id":"https:\/\/lzo-regionalstiftung.com\/?page_id=135#breadcrumb","itemListElement":[{"@type":"ListItem","position":1,"name":"Startseite","item":"https:\/\/lzo-regionalstiftung.com\/"},{"@type":"ListItem","position":2,"name":"Impressum"}]},{"@type":"WebSite","@id":"https:\/\/lzo-regionalstiftung.com\/#website","url":"https:\/\/lzo-regionalstiftung.com\/","name":"Regionale Stiftung der Landessparkasse zu Oldenburg","description":"","publisher":{"@id":"https:\/\/lzo-regionalstiftung.com\/#organization"},"potentialAction":[{"@type":"SearchAction","target":{"@type":"EntryPoint","urlTemplate":"https:\/\/lzo-regionalstiftung.com\/?s={search_term_string}"},"query-input":{"@type":"PropertyValueSpecification","valueRequired":true,"valueName":"search_term_string"}}],"inLanguage":"de"},{"@type":"Organization","@id":"https:\/\/lzo-regionalstiftung.com\/#organization","name":"Regionale Stiftung der Landessparkasse zu Oldenburg","url":"https:\/\/lzo-regionalstiftung.com\/","logo":{"@type":"ImageObject","inLanguage":"de","@id":"https:\/\/lzo-regionalstiftung.com\/#\/schema\/logo\/image\/","url":"https:\/\/lzo-regionalstiftung.com\/wp-content\/uploads\/2024\/04\/logo.gif","contentUrl":"https:\/\/lzo-regionalstiftung.com\/wp-content\/uploads\/2024\/04\/logo.gif","width":210,"height":111,"caption":"Regionale Stiftung der Landessparkasse zu Oldenburg"},"image":{"@id":"https:\/\/lzo-regionalstiftung.com\/#\/schema\/logo\/image\/"}}]}},"_links":{"self":[{"href":"https:\/\/lzo-regionalstiftung.com\/index.php?rest_route=\/wp\/v2\/pages\/135","targetHints":{"allow":["GET"]}}],"collection":[{"href":"https:\/\/lzo-regionalstiftung.com\/index.php?rest_route=\/wp\/v2\/pages"}],"about":[{"href":"https:\/\/lzo-regionalstiftung.com\/index.php?rest_route=\/wp\/v2\/types\/page"}],"author":[{"embeddable":true,"href":"https:\/\/lzo-regionalstiftung.com\/index.php?rest_route=\/wp\/v2\/users\/1"}],"replies":[{"embeddable":true,"href":"https:\/\/lzo-regionalstiftung.com\/index.php?rest_route=%2Fwp%2Fv2%2Fcomments&post=135"}],"version-history":[{"count":3,"href":"https:\/\/lzo-regionalstiftung.com\/index.php?rest_route=\/wp\/v2\/pages\/135\/revisions"}],"predecessor-version":[{"id":310,"href":"https:\/\/lzo-regionalstiftung.com\/index.php?rest_route=\/wp\/v2\/pages\/135\/revisions\/310"}],"wp:attachment":[{"href":"https:\/\/lzo-regionalstiftung.com\/index.php?rest_route=%2Fwp%2Fv2%2Fmedia&parent=135"}],"curies":[{"name":"wp","href":"https:\/\/api.w.org\/{rel}","templated":true}]}}